{"id":1598,"date":"2023-01-21T16:48:26","date_gmt":"2023-01-21T15:48:26","guid":{"rendered":"https:\/\/www.sodeva.com\/coupe-par-vibracut\/"},"modified":"2026-08-03T09:34:05","modified_gmt":"2026-08-03T07:34:05","slug":"corte-vibracut","status":"publish","type":"page","link":"https:\/\/www.sodeva.com\/es\/corte-vibracut\/","title":{"rendered":"Corte Vibracut"},"content":{"rendered":"<p class=\"isSelectedEnd\">La larga cuchilla vibratoria, de hasta 1 m de longitud, permite a Vibracut\u00ae procesar formatos que antes eran imposibles de cortar con las tecnolog\u00edas convencionales.<\/p>\n<p class=\"isSelectedEnd\">Varios bloques de Feta pueden cortarse en cubos simult\u00e1neamente, uno al lado del otro, tanto para envases agrupados como para la venta al por menor.<\/p>\n<p>Los cilindros de gran di\u00e1metro se cortan primero en rodajas y despu\u00e9s en porciones regulares.<\/p>\n\n\t\t<style>\n\t\t\t#gallery-1 {\n\t\t\t\tmargin: auto;\n\t\t\t}\n\t\t\t#gallery-1 .gallery-item {\n\t\t\t\tfloat: left;\n\t\t\t\tmargin-top: 10px;\n\t\t\t\ttext-align: center;\n\t\t\t\twidth: 50%;\n\t\t\t}\n\t\t\t#gallery-1 img {\n\t\t\t\tborder: 2px solid #cfcfcf;\n\t\t\t}\n\t\t\t#gallery-1 .gallery-caption {\n\t\t\t\tmargin-left: 0;\n\t\t\t}\n\t\t\t\/* see gallery_shortcode() in wp-includes\/media.php *\/\n\t\t<\/style>\n\t\t<div id='gallery-1' class='gallery galleryid-1598 gallery-columns-2 gallery-size-thumbnail'><dl class='gallery-item'>\n\t\t\t<dt class='gallery-icon portrait'>\n\t\t\t\t<a href='https:\/\/www.sodeva.com\/es\/corte-vibracut\/coupe-vibracut-1-2\/'><img loading=\"lazy\" decoding=\"async\" width=\"150\" height=\"150\" src=\"https:\/\/www.sodeva.com\/wp-content\/uploads\/2023\/01\/coupe-vibracut-1-150x150.jpg\" class=\"attachment-thumbnail size-thumbnail\" alt=\"\" aria-describedby=\"gallery-1-1010\" \/><\/a>\n\t\t\t<\/dt>\n\t\t\t\t<dd class='wp-caption-text gallery-caption' id='gallery-1-1010'>\n\t\t\t\tCorte Vibracut\u00ae\n\t\t\t\t<\/dd><\/dl><dl class='gallery-item'>\n\t\t\t<dt class='gallery-icon landscape'>\n\t\t\t\t<a href='https:\/\/www.sodeva.com\/es\/corte-vibracut\/coupe-vibracut-2-2\/'><img loading=\"lazy\" decoding=\"async\" width=\"150\" height=\"150\" src=\"https:\/\/www.sodeva.com\/wp-content\/uploads\/2023\/01\/coupe-vibracut-2-150x150.jpg\" class=\"attachment-thumbnail size-thumbnail\" alt=\"\" aria-describedby=\"gallery-1-1014\" \/><\/a>\n\t\t\t<\/dt>\n\t\t\t\t<dd class='wp-caption-text gallery-caption' id='gallery-1-1014'>\n\t\t\t\tCorte Vibracut\u00ae\n\t\t\t\t<\/dd><\/dl><br style=\"clear: both\" \/>\n\t\t<\/div>\n\n<p>El precorte longitudinal de barras a partir de grandes bloques ya es posible para productos de cualquier densidad, incluso con masas pegajosas. Permite alimentar en l\u00ednea slicers de alta cadencia para la producci\u00f3n de lonchas.<\/p>\n\n\t\t<style>\n\t\t\t#gallery-2 {\n\t\t\t\tmargin: auto;\n\t\t\t}\n\t\t\t#gallery-2 .gallery-item {\n\t\t\t\tfloat: left;\n\t\t\t\tmargin-top: 10px;\n\t\t\t\ttext-align: center;\n\t\t\t\twidth: 50%;\n\t\t\t}\n\t\t\t#gallery-2 img {\n\t\t\t\tborder: 2px solid #cfcfcf;\n\t\t\t}\n\t\t\t#gallery-2 .gallery-caption {\n\t\t\t\tmargin-left: 0;\n\t\t\t}\n\t\t\t\/* see gallery_shortcode() in wp-includes\/media.php *\/\n\t\t<\/style>\n\t\t<div id='gallery-2' class='gallery galleryid-1598 gallery-columns-2 gallery-size-thumbnail'><dl class='gallery-item'>\n\t\t\t<dt class='gallery-icon portrait'>\n\t\t\t\t<a href='https:\/\/www.sodeva.com\/es\/corte-vibracut\/coupe-vibracut-3-2\/'><img loading=\"lazy\" decoding=\"async\" width=\"150\" height=\"150\" src=\"https:\/\/www.sodeva.com\/wp-content\/uploads\/2023\/01\/coupe-vibracut-3-150x150.jpg\" class=\"attachment-thumbnail size-thumbnail\" alt=\"\" \/><\/a>\n\t\t\t<\/dt><\/dl><dl class='gallery-item'>\n\t\t\t<dt class='gallery-icon portrait'>\n\t\t\t\t<a href='https:\/\/www.sodeva.com\/es\/corte-vibracut\/coupe-vibracut-4-2\/'><img loading=\"lazy\" decoding=\"async\" width=\"150\" height=\"150\" src=\"https:\/\/www.sodeva.com\/wp-content\/uploads\/2023\/01\/coupe-vibracut-4-150x150.jpg\" class=\"attachment-thumbnail size-thumbnail\" alt=\"\" \/><\/a>\n\t\t\t<\/dt><\/dl><br style=\"clear: both\" \/><dl class='gallery-item'>\n\t\t\t<dt class='gallery-icon portrait'>\n\t\t\t\t<a href='https:\/\/www.sodeva.com\/es\/corte-vibracut\/coupe-vibracut-5-2\/'><img loading=\"lazy\" decoding=\"async\" width=\"150\" height=\"150\" src=\"https:\/\/www.sodeva.com\/wp-content\/uploads\/2023\/01\/coupe-vibracut-5-150x150.jpg\" class=\"attachment-thumbnail size-thumbnail\" alt=\"\" aria-describedby=\"gallery-2-1026\" \/><\/a>\n\t\t\t<\/dt>\n\t\t\t\t<dd class='wp-caption-text gallery-caption' id='gallery-2-1026'>\n\t\t\t\tCorte Vibracut\u00ae\n\t\t\t\t<\/dd><\/dl><dl class='gallery-item'>\n\t\t\t<dt class='gallery-icon landscape'>\n\t\t\t\t<a href='https:\/\/www.sodeva.com\/es\/corte-vibracut\/coupe-vibracut-6-2\/'><img loading=\"lazy\" decoding=\"async\" width=\"150\" height=\"150\" src=\"https:\/\/www.sodeva.com\/wp-content\/uploads\/2023\/01\/coupe-vibracut-6-150x150.jpg\" class=\"attachment-thumbnail size-thumbnail\" alt=\"\" aria-describedby=\"gallery-2-1030\" \/><\/a>\n\t\t\t<\/dt>\n\t\t\t\t<dd class='wp-caption-text gallery-caption' id='gallery-2-1030'>\n\t\t\t\tCorte Vibracut\u00ae\n\t\t\t\t<\/dd><\/dl><br style=\"clear: both\" \/>\n\t\t<\/div>\n\n<p>&nbsp;<\/p>\n<p>Los cilindros de gran di\u00e1metro se cortan primero en rodajas y despu\u00e9s en porciones triangulares para el aperitivo.<\/p>\n\n\t\t<style>\n\t\t\t#gallery-3 {\n\t\t\t\tmargin: auto;\n\t\t\t}\n\t\t\t#gallery-3 .gallery-item {\n\t\t\t\tfloat: left;\n\t\t\t\tmargin-top: 10px;\n\t\t\t\ttext-align: center;\n\t\t\t\twidth: 50%;\n\t\t\t}\n\t\t\t#gallery-3 img {\n\t\t\t\tborder: 2px solid #cfcfcf;\n\t\t\t}\n\t\t\t#gallery-3 .gallery-caption {\n\t\t\t\tmargin-left: 0;\n\t\t\t}\n\t\t\t\/* see gallery_shortcode() in wp-includes\/media.php *\/\n\t\t<\/style>\n\t\t<div id='gallery-3' class='gallery galleryid-1598 gallery-columns-2 gallery-size-thumbnail'><dl class='gallery-item'>\n\t\t\t<dt class='gallery-icon landscape'>\n\t\t\t\t<a href='https:\/\/www.sodeva.com\/es\/corte-vibracut\/coupe-vibracut-7-2\/'><img loading=\"lazy\" decoding=\"async\" width=\"150\" height=\"150\" src=\"https:\/\/www.sodeva.com\/wp-content\/uploads\/2023\/01\/coupe-vibracut-7-150x150.jpg\" class=\"attachment-thumbnail size-thumbnail\" alt=\"\" aria-describedby=\"gallery-3-1034\" \/><\/a>\n\t\t\t<\/dt>\n\t\t\t\t<dd class='wp-caption-text gallery-caption' id='gallery-3-1034'>\n\t\t\t\tCorte Vibracut\u00ae\n\t\t\t\t<\/dd><\/dl><dl class='gallery-item'>\n\t\t\t<dt class='gallery-icon landscape'>\n\t\t\t\t<a href='https:\/\/www.sodeva.com\/es\/corte-vibracut\/coupe-vibracut-8-2\/'><img loading=\"lazy\" decoding=\"async\" width=\"150\" height=\"150\" src=\"https:\/\/www.sodeva.com\/wp-content\/uploads\/2023\/01\/coupe-vibracut-8-150x150.jpg\" class=\"attachment-thumbnail size-thumbnail\" alt=\"\" aria-describedby=\"gallery-3-1038\" \/><\/a>\n\t\t\t<\/dt>\n\t\t\t\t<dd class='wp-caption-text gallery-caption' id='gallery-3-1038'>\n\t\t\t\tCorte Vibracut\u00ae\n\t\t\t\t<\/dd><\/dl><br style=\"clear: both\" \/>\n\t\t<\/div>\n\n<p>Los quesos fr\u00e1giles de m\u00e1s de 150 mm de di\u00e1metro, por encima de la capacidad de los equipos convencionales, se cortan en rodajas y despu\u00e9s en porciones.<\/p>\n<p><img loading=\"lazy\" decoding=\"async\" class=\"size-medium wp-image-1039 aligncenter\" src=\"https:\/\/www.sodeva.com\/wp-content\/uploads\/2023\/01\/coupe-vibracut-9-269x300.jpg\" alt=\"Coupe Vibracut 9\" width=\"269\" height=\"300\" srcset=\"https:\/\/www.sodeva.com\/wp-content\/uploads\/2023\/01\/coupe-vibracut-9-269x300.jpg 269w, https:\/\/www.sodeva.com\/wp-content\/uploads\/2023\/01\/coupe-vibracut-9.jpg 449w\" sizes=\"auto, (max-width: 269px) 100vw, 269px\" \/><\/p>\n<p>Los peque\u00f1os p\u00e2t\u00e9s en cro\u00fbte se agrupan y luego se cortan en serie con una guillotina vibratoria. El proceso garantiza un corte regular y preserva la presentaci\u00f3n de cada unidad.<\/p>\n","protected":false},"excerpt":{"rendered":"<p>La larga cuchilla vibratoria, de hasta 1 m de longitud, permite a Vibracut\u00ae procesar formatos que antes eran imposibles de cortar con las tecnolog\u00edas convencionales. Varios bloques de Feta pueden cortarse en cubos simult\u00e1neamente, uno al lado del otro, tanto para envases agrupados como para la venta al por menor. Los cilindros de gran di\u00e1metro [&hellip;]<\/p>\n","protected":false},"author":1,"featured_media":0,"parent":0,"menu_order":0,"comment_status":"closed","ping_status":"closed","template":"","meta":{"_acf_changed":false,"footnotes":""},"class_list":["post-1598","page","type-page","status-publish","hentry"],"acf":[],"_links":{"self":[{"href":"https:\/\/www.sodeva.com\/es\/wp-json\/wp\/v2\/pages\/1598","targetHints":{"allow":["GET"]}}],"collection":[{"href":"https:\/\/www.sodeva.com\/es\/wp-json\/wp\/v2\/pages"}],"about":[{"href":"https:\/\/www.sodeva.com\/es\/wp-json\/wp\/v2\/types\/page"}],"author":[{"embeddable":true,"href":"https:\/\/www.sodeva.com\/es\/wp-json\/wp\/v2\/users\/1"}],"replies":[{"embeddable":true,"href":"https:\/\/www.sodeva.com\/es\/wp-json\/wp\/v2\/comments?post=1598"}],"version-history":[{"count":8,"href":"https:\/\/www.sodeva.com\/es\/wp-json\/wp\/v2\/pages\/1598\/revisions"}],"predecessor-version":[{"id":3664,"href":"https:\/\/www.sodeva.com\/es\/wp-json\/wp\/v2\/pages\/1598\/revisions\/3664"}],"wp:attachment":[{"href":"https:\/\/www.sodeva.com\/es\/wp-json\/wp\/v2\/media?parent=1598"}],"curies":[{"name":"wp","href":"https:\/\/api.w.org\/{rel}","templated":true}]}}

<p class="isSelectedEnd">La larga cuchilla vibratoria, de hasta 1 m de longitud, permite a Vibracut® procesar formatos que antes eran imposibles de cortar con las tecnologías convencionales.</p>
<p class="isSelectedEnd">Varios bloques de Feta pueden cortarse en cubos simultáneamente, uno al lado del otro, tanto para envases agrupados como para la venta al por menor.</p>
<p>Los cilindros de gran diámetro se cortan primero en rodajas y después en porciones regulares.</p>

		<style>
			#gallery-1 {
				margin: auto;
			}
			#gallery-1 .gallery-item {
				float: left;
				margin-top: 10px;
				text-align: center;
				width: 50%;
			}
			#gallery-1 img {
				border: 2px solid #cfcfcf;
			}
			#gallery-1 .gallery-caption {
				margin-left: 0;
			}
			/* see gallery_shortcode() in wp-includes/media.php */
		</style>
		<div id='gallery-1' class='gallery galleryid-1598 gallery-columns-2 gallery-size-thumbnail'><dl class='gallery-item'>
			<dt class='gallery-icon portrait'>
				<a href='https://www.sodeva.com/es/corte-vibracut/coupe-vibracut-1-2/'><img loading="lazy" decoding="async" width="150" height="150" src="https://www.sodeva.com/wp-content/uploads/2023/01/coupe-vibracut-1-150x150.jpg" class="attachment-thumbnail size-thumbnail" alt="" aria-describedby="gallery-1-1010" /></a>
			</dt>
				<dd class='wp-caption-text gallery-caption' id='gallery-1-1010'>
				Corte Vibracut®
				</dd></dl><dl class='gallery-item'>
			<dt class='gallery-icon landscape'>
				<a href='https://www.sodeva.com/es/corte-vibracut/coupe-vibracut-2-2/'><img loading="lazy" decoding="async" width="150" height="150" src="https://www.sodeva.com/wp-content/uploads/2023/01/coupe-vibracut-2-150x150.jpg" class="attachment-thumbnail size-thumbnail" alt="" aria-describedby="gallery-1-1014" /></a>
			</dt>
				<dd class='wp-caption-text gallery-caption' id='gallery-1-1014'>
				Corte Vibracut®
				</dd></dl><br style="clear: both" />
		</div>

<p>El precorte longitudinal de barras a partir de grandes bloques ya es posible para productos de cualquier densidad, incluso con masas pegajosas. Permite alimentar en línea slicers de alta cadencia para la producción de lonchas.</p>

		<style>
			#gallery-2 {
				margin: auto;
			}
			#gallery-2 .gallery-item {
				float: left;
				margin-top: 10px;
				text-align: center;
				width: 50%;
			}
			#gallery-2 img {
				border: 2px solid #cfcfcf;
			}
			#gallery-2 .gallery-caption {
				margin-left: 0;
			}
			/* see gallery_shortcode() in wp-includes/media.php */
		</style>
		<div id='gallery-2' class='gallery galleryid-1598 gallery-columns-2 gallery-size-thumbnail'><dl class='gallery-item'>
			<dt class='gallery-icon portrait'>
				<a href='https://www.sodeva.com/es/corte-vibracut/coupe-vibracut-3-2/'><img loading="lazy" decoding="async" width="150" height="150" src="https://www.sodeva.com/wp-content/uploads/2023/01/coupe-vibracut-3-150x150.jpg" class="attachment-thumbnail size-thumbnail" alt="" /></a>
			</dt></dl><dl class='gallery-item'>
			<dt class='gallery-icon portrait'>
				<a href='https://www.sodeva.com/es/corte-vibracut/coupe-vibracut-4-2/'><img loading="lazy" decoding="async" width="150" height="150" src="https://www.sodeva.com/wp-content/uploads/2023/01/coupe-vibracut-4-150x150.jpg" class="attachment-thumbnail size-thumbnail" alt="" /></a>
			</dt></dl><br style="clear: both" /><dl class='gallery-item'>
			<dt class='gallery-icon portrait'>
				<a href='https://www.sodeva.com/es/corte-vibracut/coupe-vibracut-5-2/'><img loading="lazy" decoding="async" width="150" height="150" src="https://www.sodeva.com/wp-content/uploads/2023/01/coupe-vibracut-5-150x150.jpg" class="attachment-thumbnail size-thumbnail" alt="" aria-describedby="gallery-2-1026" /></a>
			</dt>
				<dd class='wp-caption-text gallery-caption' id='gallery-2-1026'>
				Corte Vibracut®
				</dd></dl><dl class='gallery-item'>
			<dt class='gallery-icon landscape'>
				<a href='https://www.sodeva.com/es/corte-vibracut/coupe-vibracut-6-2/'><img loading="lazy" decoding="async" width="150" height="150" src="https://www.sodeva.com/wp-content/uploads/2023/01/coupe-vibracut-6-150x150.jpg" class="attachment-thumbnail size-thumbnail" alt="" aria-describedby="gallery-2-1030" /></a>
			</dt>
				<dd class='wp-caption-text gallery-caption' id='gallery-2-1030'>
				Corte Vibracut®
				</dd></dl><br style="clear: both" />
		</div>

<p>&nbsp;</p>
<p>Los cilindros de gran diámetro se cortan primero en rodajas y después en porciones triangulares para el aperitivo.</p>

		<style>
			#gallery-3 {
				margin: auto;
			}
			#gallery-3 .gallery-item {
				float: left;
				margin-top: 10px;
				text-align: center;
				width: 50%;
			}
			#gallery-3 img {
				border: 2px solid #cfcfcf;
			}
			#gallery-3 .gallery-caption {
				margin-left: 0;
			}
			/* see gallery_shortcode() in wp-includes/media.php */
		</style>
		<div id='gallery-3' class='gallery galleryid-1598 gallery-columns-2 gallery-size-thumbnail'><dl class='gallery-item'>
			<dt class='gallery-icon landscape'>
				<a href='https://www.sodeva.com/es/corte-vibracut/coupe-vibracut-7-2/'><img loading="lazy" decoding="async" width="150" height="150" src="https://www.sodeva.com/wp-content/uploads/2023/01/coupe-vibracut-7-150x150.jpg" class="attachment-thumbnail size-thumbnail" alt="" aria-describedby="gallery-3-1034" /></a>
			</dt>
				<dd class='wp-caption-text gallery-caption' id='gallery-3-1034'>
				Corte Vibracut®
				</dd></dl><dl class='gallery-item'>
			<dt class='gallery-icon landscape'>
				<a href='https://www.sodeva.com/es/corte-vibracut/coupe-vibracut-8-2/'><img loading="lazy" decoding="async" width="150" height="150" src="https://www.sodeva.com/wp-content/uploads/2023/01/coupe-vibracut-8-150x150.jpg" class="attachment-thumbnail size-thumbnail" alt="" aria-describedby="gallery-3-1038" /></a>
			</dt>
				<dd class='wp-caption-text gallery-caption' id='gallery-3-1038'>
				Corte Vibracut®
				</dd></dl><br style="clear: both" />
		</div>

<p>Los quesos frágiles de más de 150 mm de diámetro, por encima de la capacidad de los equipos convencionales, se cortan en rodajas y después en porciones.</p>
<p><img loading="lazy" decoding="async" class="size-medium wp-image-1039 aligncenter" src="https://www.sodeva.com/wp-content/uploads/2023/01/coupe-vibracut-9-269x300.jpg" alt="Coupe Vibracut 9" width="269" height="300" srcset="https://www.sodeva.com/wp-content/uploads/2023/01/coupe-vibracut-9-269x300.jpg 269w, https://www.sodeva.com/wp-content/uploads/2023/01/coupe-vibracut-9.jpg 449w" sizes="auto, (max-width: 269px) 100vw, 269px" /></p>
<p>Los pequeños pâtés en croûte se agrupan y luego se cortan en serie con una guillotina vibratoria. El proceso garantiza un corte regular y preserva la presentación de cada unidad.</p>

<p>La larga cuchilla vibratoria, de hasta 1 m de longitud, permite a Vibracut® procesar formatos que antes eran imposibles de cortar con las tecnologías convencionales. Varios bloques de Feta pueden cortarse en cubos simultáneamente, uno al lado del otro, tanto para envases agrupados como para la venta al por menor. Los cilindros de gran diámetro [&hellip;]</p>
